{"id":127,"date":"2012-07-22T21:34:11","date_gmt":"2012-07-22T21:34:11","guid":{"rendered":"http:\/\/www.martinlembcke.de\/wordpress\/?page_id=127"},"modified":"2012-07-23T20:33:06","modified_gmt":"2012-07-23T20:33:06","slug":"geschichte-der-alten-schule-constappel-1536-bis-1901","status":"publish","type":"page","link":"http:\/\/www.martinlembcke.de\/wordpress\/?page_id=127","title":{"rendered":"Geschichte 1536 &#8211; 1901"},"content":{"rendered":"<figure id=\"attachment_128\" aria-describedby=\"caption-attachment-128\" style=\"width: 448px\" class=\"wp-caption alignright\"><a href=\"http:\/\/www.martinlembcke.de\/wordpress\/wp-content\/uploads\/2012\/07\/alte_schule_constappel_1920.jpg\"><img loading=\"lazy\" decoding=\"async\" class=\"size-full wp-image-128   \" style=\"border: 0px;\" title=\"alte_schule_constappel_1920\" src=\"http:\/\/www.martinlembcke.de\/wordpress\/wp-content\/uploads\/2012\/07\/alte_schule_constappel_1920.jpg\" alt=\"\" width=\"448\" height=\"285\" srcset=\"http:\/\/www.martinlembcke.de\/wordpress\/wp-content\/uploads\/2012\/07\/alte_schule_constappel_1920.jpg 448w, http:\/\/www.martinlembcke.de\/wordpress\/wp-content\/uploads\/2012\/07\/alte_schule_constappel_1920-300x190.jpg 300w\" sizes=\"auto, (max-width: 448px) 100vw, 448px\" \/><\/a><figcaption id=\"caption-attachment-128\" class=\"wp-caption-text\">Alte Schule Constappel um 1920<\/figcaption><\/figure>\n<p align=\"left\"><span>Die Kirchschule<\/span><\/p>\n<p style=\"text-align: justify;\">Die Schule hie\u00df <strong>vor der Reformation<\/strong> auf den D\u00f6rfern <em>Eustodia, K\u00fcsterei<\/em>. Sie diente lediglich der Kirche und dem Gottesdienst. Die K\u00fcster waren Kirchner und beaufsichtigten die Chorknaben, unterwiesen sie im kirchlichen Gesang und Me\u00dfdienst, in sp\u00e4terer Zeit des Mittelalters auch im Schreiben und Lesen. Sie wurden wesentlich von der Kirche und dem Pfarrer remuneriert, empfingen von den Gemeindegliedern bestimmte Naturalien, n\u00e4hrten sich sonst von dem mit ihrer Amtswohnung verbunden geringen Lehen und trieben nebenbei meist ein Handwerk.<\/p>\n<p align=\"left\"><span>Nach der ersten Visitationsmatrikel <strong>1536<\/strong> hatte unsere Kirchschule nur ein geringes Lehen: Garten, Wiesenflecklein, Holz. <\/span><\/p>\n<p align=\"left\"><span>Im siebenj\u00e4hrigen Kriege ward es am <strong>27. Juni 1762<\/strong> von der rohen Mannschaft des Freiregiments des Obrist Quintus Jeilius in Brand gesteckt. Der Schulmeister Andreas Weber musste mit seiner zahlreichen Familie im Wittwenhaus des Pfarrhofes Zuflucht suchen und trotz der beschr\u00e4nkten R\u00e4ume daselbst auch Schule halten, bis die Wohnung wieder aufgebaut war. <\/span><\/p>\n<p align=\"left\"><span><strong>1792<\/strong> wurde auch eine neue Scheuer und Holzstall errichtet. <\/span><\/p>\n<p align=\"left\"><span><strong>1845<\/strong> musste das bauf\u00e4llige und ungen\u00fcgende Schulhaus vom Grund aus neu gebaut werden. Bei der wachsenden Kinderzahl, die sich zwischen 1880 und 1900 von 108 auf 180 vermehrte, ward nach Anstellung eines neuen Hilfslehrers <strong>1883<\/strong> und zweitweiliger Verlegung ds Unterrichts zweier Schulklassen in die Parterrestube des Pfarrhauses <strong>1890<\/strong> das Geb\u00e4ude duch Anbau verdoppelt und mit einem T\u00fcrmchen gekr\u00f6nt, auch das Seitengeb\u00e4ude neu aufgef\u00fchrt und der Schulhof vergr\u00f6\u00dfert. Die Einweihung erfolgte am St Gallnstage, <strong>16 Oktober 1890<\/strong>. <\/span><\/p>\n<p align=\"left\"><span>Infolge Vermehrung im Laufe der Zeit umfasst das Lehn jetzt 97,8 Ar mit 119,90 Einheiten und ist seit <strong>1890<\/strong> als &#8222;Kirchschullehen&#8220; eingetragen. Das Einkommen der Kirchschulstelle vom Kirchendienst betr\u00e4gt 694,19 Mk. Das Schulhaus mit Nebengeb\u00e4ude war ebenfalls gering.<\/span><\/p>\n<p align=\"left\"><span>(aus der Neuen s\u00e4chsischen Kirchegalerie von 1902)<\/span><\/p>\n","protected":false},"excerpt":{"rendered":"<p>Die Kirchschule Die Schule hie\u00df vor der Reformation auf den D\u00f6rfern Eustodia, K\u00fcsterei. Sie diente lediglich der Kirche und dem [&hellip;]<\/p>\n","protected":false},"author":1,"featured_media":0,"parent":38,"menu_order":0,"comment_status":"closed","ping_status":"closed","template":"","meta":{"site-sidebar-layout":"default","site-content-layout":"","ast-site-content-layout":"default","site-content-style":"default","site-sidebar-style":"default","ast-global-header-display":"","ast-banner-title-visibility":"","ast-main-header-display":"","ast-hfb-above-header-display":"","ast-hfb-below-header-display":"","ast-hfb-mobile-header-display":"","site-post-title":"","ast-breadcrumbs-content":"","ast-featured-img":"","footer-sml-layout":"","ast-disable-related-posts":"","theme-transparent-header-meta":"","adv-header-id-meta":"","stick-header-meta":"","header-above-stick-meta":"","header-main-stick-meta":"","header-below-stick-meta":"","astra-migrate-meta-layouts":"default","ast-page-background-enabled":"default","ast-page-background-meta":{"desktop":{"background-color":"var(--ast-global-color-5)","background-image":"","background-repeat":"repeat","background-position":"center center","background-size":"auto","background-attachment":"scroll","background-type":"","background-media":"","overlay-type":"","overlay-color":"","overlay-opacity":"","overlay-gradient":""},"tablet":{"background-color":"","background-image":"","background-repeat":"repeat","background-position":"center center","background-size":"auto","background-attachment":"scroll","background-type":"","background-media":"","overlay-type":"","overlay-color":"","overlay-opacity":"","overlay-gradient":""},"mobile":{"background-color":"","background-image":"","background-repeat":"repeat","background-position":"center center","background-size":"auto","background-attachment":"scroll","background-type":"","background-media":"","overlay-type":"","overlay-color":"","overlay-opacity":"","overlay-gradient":""}},"ast-content-background-meta":{"desktop":{"background-color":"var(--ast-global-color-4)","background-image":"","background-repeat":"repeat","background-position":"center center","background-size":"auto","background-attachment":"scroll","background-type":"","background-media":"","overlay-type":"","overlay-color":"","overlay-opacity":"","overlay-gradient":""},"tablet":{"background-color":"var(--ast-global-color-4)","background-image":"","background-repeat":"repeat","background-position":"center center","background-size":"auto","background-attachment":"scroll","background-type":"","background-media":"","overlay-type":"","overlay-color":"","overlay-opacity":"","overlay-gradient":""},"mobile":{"background-color":"var(--ast-global-color-4)","background-image":"","background-repeat":"repeat","background-position":"center center","background-size":"auto","background-attachment":"scroll","background-type":"","background-media":"","overlay-type":"","overlay-color":"","overlay-opacity":"","overlay-gradient":""}},"footnotes":""},"class_list":["post-127","page","type-page","status-publish","hentry"],"_links":{"self":[{"href":"http:\/\/www.martinlembcke.de\/wordpress\/index.php?rest_route=\/wp\/v2\/pages\/127","targetHints":{"allow":["GET"]}}],"collection":[{"href":"http:\/\/www.martinlembcke.de\/wordpress\/index.php?rest_route=\/wp\/v2\/pages"}],"about":[{"href":"http:\/\/www.martinlembcke.de\/wordpress\/index.php?rest_route=\/wp\/v2\/types\/page"}],"author":[{"embeddable":true,"href":"http:\/\/www.martinlembcke.de\/wordpress\/index.php?rest_route=\/wp\/v2\/users\/1"}],"replies":[{"embeddable":true,"href":"http:\/\/www.martinlembcke.de\/wordpress\/index.php?rest_route=%2Fwp%2Fv2%2Fcomments&post=127"}],"version-history":[{"count":7,"href":"http:\/\/www.martinlembcke.de\/wordpress\/index.php?rest_route=\/wp\/v2\/pages\/127\/revisions"}],"predecessor-version":[{"id":167,"href":"http:\/\/www.martinlembcke.de\/wordpress\/index.php?rest_route=\/wp\/v2\/pages\/127\/revisions\/167"}],"up":[{"embeddable":true,"href":"http:\/\/www.martinlembcke.de\/wordpress\/index.php?rest_route=\/wp\/v2\/pages\/38"}],"wp:attachment":[{"href":"http:\/\/www.martinlembcke.de\/wordpress\/index.php?rest_route=%2Fwp%2Fv2%2Fmedia&parent=127"}],"curies":[{"name":"wp","href":"https:\/\/api.w.org\/{rel}","templated":true}]}}

<figure id="attachment_128" aria-describedby="caption-attachment-128" style="width: 448px" class="wp-caption alignright"><a href="http://www.martinlembcke.de/wordpress/wp-content/uploads/2012/07/alte_schule_constappel_1920.jpg"><img loading="lazy" decoding="async" class="size-full wp-image-128   " style="border: 0px;" title="alte_schule_constappel_1920" src="http://www.martinlembcke.de/wordpress/wp-content/uploads/2012/07/alte_schule_constappel_1920.jpg" alt="" width="448" height="285" srcset="http://www.martinlembcke.de/wordpress/wp-content/uploads/2012/07/alte_schule_constappel_1920.jpg 448w, http://www.martinlembcke.de/wordpress/wp-content/uploads/2012/07/alte_schule_constappel_1920-300x190.jpg 300w" sizes="auto, (max-width: 448px) 100vw, 448px" /></a><figcaption id="caption-attachment-128" class="wp-caption-text">Alte Schule Constappel um 1920</figcaption></figure>
<p align="left"><span>Die Kirchschule</span></p>
<p style="text-align: justify;">Die Schule hieß <strong>vor der Reformation</strong> auf den Dörfern <em>Eustodia, Küsterei</em>. Sie diente lediglich der Kirche und dem Gottesdienst. Die Küster waren Kirchner und beaufsichtigten die Chorknaben, unterwiesen sie im kirchlichen Gesang und Meßdienst, in späterer Zeit des Mittelalters auch im Schreiben und Lesen. Sie wurden wesentlich von der Kirche und dem Pfarrer remuneriert, empfingen von den Gemeindegliedern bestimmte Naturalien, nährten sich sonst von dem mit ihrer Amtswohnung verbunden geringen Lehen und trieben nebenbei meist ein Handwerk.</p>
<p align="left"><span>Nach der ersten Visitationsmatrikel <strong>1536</strong> hatte unsere Kirchschule nur ein geringes Lehen: Garten, Wiesenflecklein, Holz. </span></p>
<p align="left"><span>Im siebenjährigen Kriege ward es am <strong>27. Juni 1762</strong> von der rohen Mannschaft des Freiregiments des Obrist Quintus Jeilius in Brand gesteckt. Der Schulmeister Andreas Weber musste mit seiner zahlreichen Familie im Wittwenhaus des Pfarrhofes Zuflucht suchen und trotz der beschränkten Räume daselbst auch Schule halten, bis die Wohnung wieder aufgebaut war. </span></p>
<p align="left"><span><strong>1792</strong> wurde auch eine neue Scheuer und Holzstall errichtet. </span></p>
<p align="left"><span><strong>1845</strong> musste das baufällige und ungenügende Schulhaus vom Grund aus neu gebaut werden. Bei der wachsenden Kinderzahl, die sich zwischen 1880 und 1900 von 108 auf 180 vermehrte, ward nach Anstellung eines neuen Hilfslehrers <strong>1883</strong> und zweitweiliger Verlegung ds Unterrichts zweier Schulklassen in die Parterrestube des Pfarrhauses <strong>1890</strong> das Gebäude duch Anbau verdoppelt und mit einem Türmchen gekrönt, auch das Seitengebäude neu aufgeführt und der Schulhof vergrößert. Die Einweihung erfolgte am St Gallnstage, <strong>16 Oktober 1890</strong>. </span></p>
<p align="left"><span>Infolge Vermehrung im Laufe der Zeit umfasst das Lehn jetzt 97,8 Ar mit 119,90 Einheiten und ist seit <strong>1890</strong> als &#8222;Kirchschullehen&#8220; eingetragen. Das Einkommen der Kirchschulstelle vom Kirchendienst beträgt 694,19 Mk. Das Schulhaus mit Nebengebäude war ebenfalls gering.</span></p>
<p align="left"><span>(aus der Neuen sächsischen Kirchegalerie von 1902)</span></p>

<p>Die Kirchschule Die Schule hieß vor der Reformation auf den Dörfern Eustodia, Küsterei. Sie diente lediglich der Kirche und dem [&hellip;]</p>
