{"id":323,"date":"2013-01-07T20:10:55","date_gmt":"2013-01-07T20:10:55","guid":{"rendered":"http:\/\/www.martinlembcke.de\/wordpress\/?page_id=323"},"modified":"2026-01-29T10:58:52","modified_gmt":"2026-01-29T10:58:52","slug":"sanierung","status":"publish","type":"page","link":"http:\/\/www.martinlembcke.de\/wordpress\/?page_id=323","title":{"rendered":"Sanierung 2008-2010"},"content":{"rendered":"\n<figure class=\"wp-block-gallery has-nested-images columns-4 is-cropped wp-block-gallery-1 is-layout-flex wp-block-gallery-is-layout-flex\">\n<figure class=\"wp-block-image size-large\"><a href=\"http:\/\/www.martinlembcke.de\/wordpress\/wp-content\/uploads\/2013\/01\/sanierung_abriss1.jpg\"><img loading=\"lazy\" decoding=\"async\" width=\"336\" height=\"448\" data-id=\"335\" src=\"http:\/\/www.martinlembcke.de\/wordpress\/wp-content\/uploads\/2013\/01\/sanierung_abriss1.jpg\" alt=\"\" class=\"wp-image-335\" srcset=\"http:\/\/www.martinlembcke.de\/wordpress\/wp-content\/uploads\/2013\/01\/sanierung_abriss1.jpg 336w, http:\/\/www.martinlembcke.de\/wordpress\/wp-content\/uploads\/2013\/01\/sanierung_abriss1-224x300.jpg 224w\" sizes=\"auto, (max-width: 336px) 100vw, 336px\" \/><\/a><\/figure>\n\n\n\n<figure class=\"wp-block-image size-large\"><a href=\"http:\/\/www.martinlembcke.de\/wordpress\/wp-content\/uploads\/2013\/01\/sanierung_grundleitung1.jpg\"><img loading=\"lazy\" decoding=\"async\" width=\"448\" height=\"336\" data-id=\"334\" src=\"http:\/\/www.martinlembcke.de\/wordpress\/wp-content\/uploads\/2013\/01\/sanierung_grundleitung1.jpg\" alt=\"\" class=\"wp-image-334\" srcset=\"http:\/\/www.martinlembcke.de\/wordpress\/wp-content\/uploads\/2013\/01\/sanierung_grundleitung1.jpg 448w, http:\/\/www.martinlembcke.de\/wordpress\/wp-content\/uploads\/2013\/01\/sanierung_grundleitung1-300x224.jpg 300w, http:\/\/www.martinlembcke.de\/wordpress\/wp-content\/uploads\/2013\/01\/sanierung_grundleitung1-400x300.jpg 400w\" sizes=\"auto, (max-width: 448px) 100vw, 448px\" \/><\/a><\/figure>\n\n\n\n<figure class=\"wp-block-image size-large\"><a href=\"http:\/\/www.martinlembcke.de\/wordpress\/wp-content\/uploads\/2013\/01\/fehlboden_og.jpg\"><img loading=\"lazy\" decoding=\"async\" width=\"448\" height=\"336\" data-id=\"332\" src=\"http:\/\/www.martinlembcke.de\/wordpress\/wp-content\/uploads\/2013\/01\/fehlboden_og.jpg\" alt=\"\" class=\"wp-image-332\" srcset=\"http:\/\/www.martinlembcke.de\/wordpress\/wp-content\/uploads\/2013\/01\/fehlboden_og.jpg 448w, http:\/\/www.martinlembcke.de\/wordpress\/wp-content\/uploads\/2013\/01\/fehlboden_og-300x224.jpg 300w, http:\/\/www.martinlembcke.de\/wordpress\/wp-content\/uploads\/2013\/01\/fehlboden_og-400x300.jpg 400w\" sizes=\"auto, (max-width: 448px) 100vw, 448px\" \/><\/a><\/figure>\n\n\n\n<figure class=\"wp-block-image size-large\"><a href=\"http:\/\/www.martinlembcke.de\/wordpress\/wp-content\/uploads\/2013\/01\/oeffnung_treppe.jpg\"><img loading=\"lazy\" decoding=\"async\" width=\"448\" height=\"336\" data-id=\"330\" src=\"http:\/\/www.martinlembcke.de\/wordpress\/wp-content\/uploads\/2013\/01\/oeffnung_treppe.jpg\" alt=\"\" class=\"wp-image-330\" srcset=\"http:\/\/www.martinlembcke.de\/wordpress\/wp-content\/uploads\/2013\/01\/oeffnung_treppe.jpg 448w, http:\/\/www.martinlembcke.de\/wordpress\/wp-content\/uploads\/2013\/01\/oeffnung_treppe-300x224.jpg 300w, http:\/\/www.martinlembcke.de\/wordpress\/wp-content\/uploads\/2013\/01\/oeffnung_treppe-400x300.jpg 400w\" sizes=\"auto, (max-width: 448px) 100vw, 448px\" \/><\/a><\/figure>\n\n\n\n<figure class=\"wp-block-image size-large\"><a href=\"http:\/\/www.martinlembcke.de\/wordpress\/wp-content\/uploads\/2013\/01\/abriss_kuechendecke.jpg\"><img loading=\"lazy\" decoding=\"async\" width=\"448\" height=\"336\" data-id=\"325\" src=\"http:\/\/www.martinlembcke.de\/wordpress\/wp-content\/uploads\/2013\/01\/abriss_kuechendecke.jpg\" alt=\"\" class=\"wp-image-325\" srcset=\"http:\/\/www.martinlembcke.de\/wordpress\/wp-content\/uploads\/2013\/01\/abriss_kuechendecke.jpg 448w, http:\/\/www.martinlembcke.de\/wordpress\/wp-content\/uploads\/2013\/01\/abriss_kuechendecke-300x224.jpg 300w, http:\/\/www.martinlembcke.de\/wordpress\/wp-content\/uploads\/2013\/01\/abriss_kuechendecke-400x300.jpg 400w\" sizes=\"auto, (max-width: 448px) 100vw, 448px\" \/><\/a><\/figure>\n\n\n\n<figure class=\"wp-block-image size-large\"><a href=\"http:\/\/www.martinlembcke.de\/wordpress\/wp-content\/uploads\/2013\/01\/sanierung_anstrich_kueche1.jpg\"><img loading=\"lazy\" decoding=\"async\" width=\"448\" height=\"336\" data-id=\"327\" src=\"http:\/\/www.martinlembcke.de\/wordpress\/wp-content\/uploads\/2013\/01\/sanierung_anstrich_kueche1.jpg\" alt=\"\" class=\"wp-image-327\" srcset=\"http:\/\/www.martinlembcke.de\/wordpress\/wp-content\/uploads\/2013\/01\/sanierung_anstrich_kueche1.jpg 448w, http:\/\/www.martinlembcke.de\/wordpress\/wp-content\/uploads\/2013\/01\/sanierung_anstrich_kueche1-300x224.jpg 300w, http:\/\/www.martinlembcke.de\/wordpress\/wp-content\/uploads\/2013\/01\/sanierung_anstrich_kueche1-400x300.jpg 400w\" sizes=\"auto, (max-width: 448px) 100vw, 448px\" \/><\/a><\/figure>\n\n\n\n<figure class=\"wp-block-image size-large\"><a href=\"http:\/\/www.martinlembcke.de\/wordpress\/wp-content\/uploads\/2013\/01\/abriss_kuechenwand.jpg\"><img loading=\"lazy\" decoding=\"async\" width=\"448\" height=\"336\" data-id=\"326\" src=\"http:\/\/www.martinlembcke.de\/wordpress\/wp-content\/uploads\/2013\/01\/abriss_kuechenwand.jpg\" alt=\"\" class=\"wp-image-326\" srcset=\"http:\/\/www.martinlembcke.de\/wordpress\/wp-content\/uploads\/2013\/01\/abriss_kuechenwand.jpg 448w, http:\/\/www.martinlembcke.de\/wordpress\/wp-content\/uploads\/2013\/01\/abriss_kuechenwand-300x224.jpg 300w, http:\/\/www.martinlembcke.de\/wordpress\/wp-content\/uploads\/2013\/01\/abriss_kuechenwand-400x300.jpg 400w\" sizes=\"auto, (max-width: 448px) 100vw, 448px\" \/><\/a><\/figure>\n<\/figure>\n\n\n\n<p>Wir danken den Gewerken f\u00fcr die wertvolle Zusammenarbeit!<\/p>\n\n\n\n<ul class=\"wp-block-list\">\n<li>Ulrike Gerstmeyer (Architektin)<\/li>\n\n\n\n<li>Michael Bendin (Statik)<\/li>\n\n\n\n<li>Matthias Eschenbacher, J\u00f6rg Ehlers (Zimmerei, T\u00fcren, Fenster, Dielung)<\/li>\n\n\n\n<li>Uwe Lorenz (Elektroplanung)<\/li>\n\n\n\n<li>Firma Frank Stoklossa (Elektrik)<\/li>\n\n\n\n<li>Maik Kellner (Sanit\u00e4r, Heizung)<\/li>\n\n\n\n<li>Helmut Merthen,\u00a0Sebastian und Karsten Klein\u00a0(Maurerarbeiten)<\/li>\n\n\n\n<li>Tilo M\u00e4hne (Trockenbau)<\/li>\n\n\n\n<li>J\u00f6rg Hampel (Verpressung, Schwammsanierung)<\/li>\n\n\n\n<li>Markus M\u00e4thger (Steinmetz)<\/li>\n\n\n\n<li>Mathias Werner (Lehmofen)<\/li>\n\n\n\n<li>besonderer Dank gilt Michael M\u00e4thger f\u00fcr die vielen praktischen Eins\u00e4tze und wichtigen Impulse!<\/li>\n<\/ul>\n\n\n\n<p><\/p>\n","protected":false},"excerpt":{"rendered":"<p>Wir danken den Gewerken f\u00fcr die wertvolle Zusammenarbeit!<\/p>\n","protected":false},"author":1,"featured_media":0,"parent":38,"menu_order":0,"comment_status":"closed","ping_status":"closed","template":"","meta":{"site-sidebar-layout":"default","site-content-layout":"","ast-site-content-layout":"default","site-content-style":"default","site-sidebar-style":"default","ast-global-header-display":"","ast-banner-title-visibility":"","ast-main-header-display":"","ast-hfb-above-header-display":"","ast-hfb-below-header-display":"","ast-hfb-mobile-header-display":"","site-post-title":"","ast-breadcrumbs-content":"","ast-featured-img":"","footer-sml-layout":"","ast-disable-related-posts":"","theme-transparent-header-meta":"","adv-header-id-meta":"","stick-header-meta":"","header-above-stick-meta":"","header-main-stick-meta":"","header-below-stick-meta":"","astra-migrate-meta-layouts":"default","ast-page-background-enabled":"default","ast-page-background-meta":{"desktop":{"background-color":"var(--ast-global-color-5)","background-image":"","background-repeat":"repeat","background-position":"center center","background-size":"auto","background-attachment":"scroll","background-type":"","background-media":"","overlay-type":"","overlay-color":"","overlay-opacity":"","overlay-gradient":""},"tablet":{"background-color":"","background-image":"","background-repeat":"repeat","background-position":"center center","background-size":"auto","background-attachment":"scroll","background-type":"","background-media":"","overlay-type":"","overlay-color":"","overlay-opacity":"","overlay-gradient":""},"mobile":{"background-color":"","background-image":"","background-repeat":"repeat","background-position":"center center","background-size":"auto","background-attachment":"scroll","background-type":"","background-media":"","overlay-type":"","overlay-color":"","overlay-opacity":"","overlay-gradient":""}},"ast-content-background-meta":{"desktop":{"background-color":"var(--ast-global-color-4)","background-image":"","background-repeat":"repeat","background-position":"center center","background-size":"auto","background-attachment":"scroll","background-type":"","background-media":"","overlay-type":"","overlay-color":"","overlay-opacity":"","overlay-gradient":""},"tablet":{"background-color":"var(--ast-global-color-4)","background-image":"","background-repeat":"repeat","background-position":"center center","background-size":"auto","background-attachment":"scroll","background-type":"","background-media":"","overlay-type":"","overlay-color":"","overlay-opacity":"","overlay-gradient":""},"mobile":{"background-color":"var(--ast-global-color-4)","background-image":"","background-repeat":"repeat","background-position":"center center","background-size":"auto","background-attachment":"scroll","background-type":"","background-media":"","overlay-type":"","overlay-color":"","overlay-opacity":"","overlay-gradient":""}},"footnotes":""},"class_list":["post-323","page","type-page","status-publish","hentry"],"_links":{"self":[{"href":"http:\/\/www.martinlembcke.de\/wordpress\/index.php?rest_route=\/wp\/v2\/pages\/323","targetHints":{"allow":["GET"]}}],"collection":[{"href":"http:\/\/www.martinlembcke.de\/wordpress\/index.php?rest_route=\/wp\/v2\/pages"}],"about":[{"href":"http:\/\/www.martinlembcke.de\/wordpress\/index.php?rest_route=\/wp\/v2\/types\/page"}],"author":[{"embeddable":true,"href":"http:\/\/www.martinlembcke.de\/wordpress\/index.php?rest_route=\/wp\/v2\/users\/1"}],"replies":[{"embeddable":true,"href":"http:\/\/www.martinlembcke.de\/wordpress\/index.php?rest_route=%2Fwp%2Fv2%2Fcomments&post=323"}],"version-history":[{"count":9,"href":"http:\/\/www.martinlembcke.de\/wordpress\/index.php?rest_route=\/wp\/v2\/pages\/323\/revisions"}],"predecessor-version":[{"id":529,"href":"http:\/\/www.martinlembcke.de\/wordpress\/index.php?rest_route=\/wp\/v2\/pages\/323\/revisions\/529"}],"up":[{"embeddable":true,"href":"http:\/\/www.martinlembcke.de\/wordpress\/index.php?rest_route=\/wp\/v2\/pages\/38"}],"wp:attachment":[{"href":"http:\/\/www.martinlembcke.de\/wordpress\/index.php?rest_route=%2Fwp%2Fv2%2Fmedia&parent=323"}],"curies":[{"name":"wp","href":"https:\/\/api.w.org\/{rel}","templated":true}]}}